 What are the prime factors of m?
11, 17
Let m(c) = 1 - 2 - 9*c + 29*c**2 - 28*c**2. Let l be m(9). Let k = l - -3. What are the prime factors of k?
2
Let m(f) = 283*f**3 - 1. Let o be m(-1). Let l = o - -491. Suppose -l = -5*a - 17. What are the prime factors of a?
2, 19
Suppose -3154*r + 4998 = -3148*r. What are the prime factors of r?
7, 17
What are the prime factors of -3*(-2)/6 + 6456/24?
2, 3, 5
What are the prime factors of ((-3470)/(-15))/(4/6)?
347
Let k = 18 - 33. Let r = k + 97. Suppose r = 4*p - 14. What are the prime factors of p?
2, 3
Suppose 0*o - 4*w - 184 = -3*o, -4*o + 260 = 2*w. Let n = 124 - o. What are the prime factors of n?
2, 3, 5
Suppose 0*d - 10 = -5*d. Suppose -k + 12 = d*v, 0*v + 5*v = 25. List the prime factors of k.
2
Let h(r) = 70*r + 448. What are the prime factors of h(45)?
2, 7, 257
Suppose -9 = 3*j - 6*j. Suppose -j*h + h + 54 = 0. What are the prime factors of h?
3
Suppose 5*i = -3*z - 0*i - 64, i = 4*z + 93. Let o = -20 - z. Suppose -o - 3 = -3*p. What are the prime factors of p?
2
Suppose -374*r = -380*r + 2976. What are the prime factors of r?
2, 31
Let j = -83 - -102. Let y = j - -98. What are the prime factors of y?
3, 13
Suppose 14 = -5*n + 6*n. Suppose 8 = -2*k, 2*k - 6*k = w + n. List the prime factors of -2 - (-4 - w) - -47.
3, 17
Let p(o) = o**2 - o - 3. Let j be p(4). Suppose -j*x + 83 = -52. List the prime factors of x.
3, 5
Let l be ((-5 - -3) + 16)*2. Let i = -25 + l. Suppose z + 3*t = i - 4, 3*z - 45 = 3*t. List the prime factors of z.
11
Suppose 101 = y - 2*g, -2*g + 5*g - 393 = -4*y. Suppose -r + 4*k + 38 = 0, k = -5*r + 6*k + 220. Let i = y - r. List the prime factors of i.
53
Let d = 12 - 26. Suppose -4 = 4*o + 4, 5*b + 16 = 2*o. List the prime factors of b/d - (-458)/14.
3, 11
Suppose 5*l - 9*l + 1944 = 0. List the prime factors of l.
2, 3
Let x be 5/2 + 13/26. Suppose -x*z - 3*g + 642 = 0, -4*z - 353 = -g - 1214. What are the prime factors of z?
5, 43
Suppose 4*z - 2856 = -2*v + 2754, -2*z + 2825 = -3*v. List the prime factors of z.
5, 281
Let x(s) be the second derivative of s**3 + 6*s + 0 + 3/2*s**2. What are the prime factors of x(4)?
3
Suppose -16*p + 15 = -33. Suppose n - 2*a = p*n - 558, n = 3*a + 287. What are the prime factors of n?
281
Suppose 7*y + 29 = -97. List the prime factors of ((-92)/6)/(y/243).
3, 23
Suppose 0 = 2*r, -20*r - 4338 = -2*p - 25*r. List the prime factors of p.
3, 241
Let r = 149 - 81. Let y = r - 47. Let j = 42 - y. List the prime factors of j.
3, 7
Suppose -933 + 53 = -5*n. Let b = -97 + n. What are the prime factors of b?
79
Let u(f) = f**2 - f + 1. Let w(g) = -4*g**2 + 13*g - 5 + 3 - 3 - 16*g. Let c(x) = -2*u(x) - w(x). What are the prime factors of c(-3)?
2, 3
Let d = -58 - -120. Suppose -d = -2*a - b, -3*a + 4*b + 129 = 2*a. List the prime factors of a.
29
Let c(w) = -w - 46*w**3 + w**2 - 30*w**3 - 38*w**3. What are the prime factors of c(-1)?
2, 29
Let x be ((-15)/6)/(10/(-24)). Let s = 236 + x. What are the prime factors of s?
2, 11
Let y = -356 - -1652. List the prime factors of y.
2, 3
Let q(w) = -w**3 - 8*w**2 - 13*w + 15. Let n be q(-8). Let l = 34 + n. What are the prime factors of l?
3, 17
Suppose 2*f = -0 - 6. Let r(o) = 2*o**3 - 7*o**2 - o - 1. Let m(h) = -h**3 + h**2 - 1. Let i(u) = -3*m(u) - r(u). List the prime factors of i(f).
2, 5
Let j be -5 + (3 - 0 - 5). Let d be (2 + j - -1)/(-2). Suppose -5 - 9 = -d*s. What are the prime factors of s?
7
Let r be 13 + (3 - 6) + 0. Suppose -195 = -r*l + 365. What are the prime factors of l?
2, 7
Let o be 1*(-2 + 5834)/3. What are the prime factors of 8/(-44) - o/(-44)?
2, 11
Let r = 1 + 3. Suppose -20 = -9*m + r*m. Suppose m*x + h = 189, x - 11 = 4*h + 15. What are the prime factors of x?
2, 23
Suppose 0 = -2*a - 5*s - 152, 380 = -5*a + 2*s - s. What are the prime factors of 28/7 - (a - 3)?
83
Suppose 370*f = 366*f + 10736. List the prime factors of f.
2, 11, 61
Let w(y) = -y**3 + 13*y**2 - 14*y + 29. Let z be w(12). Suppose -z*v = 7*v - 1380. What are the prime factors of v?
5, 23
Suppose 0 = 4*m - 4. Let h = m - 0. Suppose -5*c + 4*f = -18, 7 = -4*f - h. What are the prime factors of c?
2
Suppose -2*p + 4*d - 32 = 34, -2*p - 69 = -d. Let g = p - -102. What are the prime factors of g?
67
Suppose 6 = 6*s - 300. Suppose -4*v - s + 157 = y, 0 = -4*v. What are the prime factors of y?
2, 53
What are the prime factors of 11/(-22) - (339/(-6) + -2)?
2, 29
Let s be 858/36 - (-1)/6. Suppose 0*g = 4*g - s. List the prime factors of g/9 + (-245)/(-15).
17
Let k = -752 - -1766. What are the prime factors of k?
2, 3, 13
Suppose -3*o - 4 = 5*y, -13 = 5*y - 3. List the prime factors of (-1 + -2)/(o/(-24)).
2, 3
Suppose -i = 2*i - 8*i. Suppose 2*k + i*k = 6, -4*o - 2*k = -486. What are the prime factors of o?
2, 3, 5
Let o(h) = -h**3 - 6*h**2 - 5*h + 4. Suppose 4*m + 5 = 3*m. Let j be o(m). Suppose 0 = j*q - 72 + 12. List the prime factors of q.
3, 5
Let d(a) = -7*a - 11. Suppose -10*v = -14*v - 32. List the prime factors of d(v).
3, 5
Suppose 5*u - 15*u - 200 = 0. What are the prime factors of (0 + (1 - (-12)/u))*390?
2, 3, 13
Suppose 0 = -5*o - 5, 2*n - 80*o = -77*o + 3909. List the prime factors of n.
3, 7, 31
Let s(k) = -3*k - 2. Let j be s(-2). Let w(q) = -3*q - 4*q + j*q - 5*q. What are the prime factors of w(-2)?
2
List the prime factors of ((-42)/(-35))/((-1)/(-465)).
2, 3, 31
Let n be 3 + 5/3*-3. What are the prime factors of (-2)/n*(60 + 7)?
67
Suppose 0 = -6*y + 85 - 31. Suppose y*c - 10*c = -18. List the prime factors of c.
2, 3
Let o(d) = 8*d + 8. Let h be o(7). Suppose -7*w = w - h. List the prime factors of w.
2
Suppose 4*f + 3*r - 38 = 0, 4*r + 9 = 5*f - 23. Suppose 193 + 247 = f*d. What are the prime factors of d?
5, 11
Let y(h) = -6*h - 4. Let v be y(-3). Let f be ((-60)/v)/((-6)/(-714)). List the prime factors of f/(-65) + (-2)/(-13).
2
Suppose 0 = -j + 3*r + 1914, -2*j + r - 480 = -4318. What are the prime factors of j?
2, 3, 5
Let b(o) be the third derivative of 5*o**4/12 - 15*o**3/2 - 12*o**2. What are the prime factors of b(23)?
5, 37
Let v(l) = -721*l - 9. List the prime factors of v(-1).
2, 89
Suppose 72*x = 141956 - 1196. What are the prime factors of x?
5, 17, 23
Suppose -2*q = -5*q + 21. Let i(u) = 6*u + q + u**3 - 7*u**2 - 1 - 3. What are the prime factors of i(6)?
3
Suppose 6*y = 5*y + 5. Suppose -3 = y*q - 128. What are the prime factors of q?
5
Suppose -2*b - 31 = -2*m + 5, 4*m - 40 = 2*b. Let c(z) = -z - 11. Let w be c(b). What are the prime factors of w/10 + 19/2?
2, 5
Suppose -4*d + 4*s = 278 - 4478, 5241 = 5*d - 2*s. List the prime factors of d.
3, 349
Let j(h) = h - 3. Let x be j(6). Suppose x*b - 5*b + 6 = 0. Suppose -4*c - 20 = -v + c, b*c + 80 = 4*v. What are the prime factors of v?
2, 5
Let n = -13 + 17. Suppose -5*s - w - 3*w + 25 = 0, 0 = n*s + 4*w - 24. What are the prime factors of 35 - (1/s - 5)?
3, 13
Let w(n) be the third derivative of n**4/4 - n**3 + 3*n**2. Let x(h) = -5*h + 5. Let z(m) = 2*w(m) + 3*x(m). List the prime factors of z(-2).
3
Let m = -1864 - -5309. List the prime factors of m.
5, 13, 53
Suppose 3094 = 55*r + 1114. List the prime factors of r.
2, 3
Let l = -165 - -122. Let w = l - -61. List the prime factors of w.
2, 3
Let g(w) = -2*w**3 + 10*w**2 + 125*w + 7. What are the prime factors of g(-9)?
2, 5, 23
List the prime factors of (10 + -7)/(1/137).
3, 137
Suppose 0 = 162*w - 163*w + 1280. What are the prime factors of w?
2, 5
Let h = 9 + -42. Let y = h - -50. List the prime factors of y.
17
Let h = -14 - -64. Suppose -3*u = 5*m - 2*u - 295, -h = -m - 2*u. List the prime factors of m.
2, 3, 5
Let n(z) = 2*z**2 + 8*z - 3. Let a(h) = h**3 + 3*h**2 + 2*h + 1. Let j be a(-3). Let p = -1 + j. What are the prime factors of n(p)?
3, 7
Suppose 0 = -5*t + 2*q + 2*q + 6296, -5*t + 2*q = -6298. Suppose 0 = 6*x + x - t. What are the prime factors of x?
2, 3, 5
Suppose -3*y + 35 = 4*u, -4*u = 5*y - 3*u - 30. Suppose -2*a = 5*m - 60 + 8, -y*a + 130 = m. List the prime factors of a.
2, 13
Let c(m) = 3*m**2 + 5*m - 54. What are the prime factors of c(-12)?
2, 3, 53
Let n = -1 - -8. Let x = n - 5. List the prime factors of (x + -1)/((-8)/(-232)).
29
Suppose -4*c + s + 1608 = 370, -c - 4*s = -301. List the prime factors of c.
3, 103
Suppose -l = -o - 0*l + 19, 3*o + 